 280381?
8
What is the thousands digit of 1687542?
7
What is the ten millions digit of 28743791?
2
What is the hundred thousands digit of 254828?
2
What is the ten thousands digit of 578539?
7
What is the ten thousands digit of 515678?
1
What is the ten thousands digit of 864352?
6
What is the hundred thousands digit of 192110?
1
What is the millions digit of 1807609?
1
What is the ten thousands digit of 633637?
3
What is the millions digit of 17249139?
7
What is the hundred thousands digit of 884444?
8
What is the thousands digit of 140313?
0
What is the thousands digit of 6747657?
7
What is the tens digit of 181183?
8
What is the thousands digit of 6983268?
3
What is the units digit of 82840?
0
What is the units digit of 2377100?
0
What is the millions digit of 2003125?
2
What is the hundred thousands digit of 22229961?
2
What is the thousands digit of 14112312?
2
What is the ten thousands digit of 200599?
0
What is the tens digit of 48982?
8
What is the thousands digit of 1091962?
1
What is the tens digit of 214023?
2
What is the thousands digit of 6337050?
7
What is the ten thousands digit of 4885899?
8
What is the thousands digit of 1004648?
4
What is the ten thousands digit of 415268?
1
What is the units digit of 682078?
8
What is the hundreds digit of 798966?
9
What is the millions digit of 1420988?
1
What is the hundreds digit of 8516?
5
What is the hundreds digit of 197527?
5
What is the tens digit of 602732?
3
What is the units digit of 57753?
3
What is the ten thousands digit of 10632684?
3
What is the tens digit of 5986362?
6
What is the tens digit of 731801?
0
What is the ten thousands digit of 454034?
5
What is the hundred thousands digit of 9342668?
3
What is the hundred thousands digit of 939244?
9
What is the hundred thousands digit of 203482?
2
What is the thousands digit of 898934?
8
What is the ten thousands digit of 189839?
8
What is the hundreds digit of 2032563?
5
What is the ten thousands digit of 136237?
3
What is the ten millions digit of 32116220?
3
What is the units digit of 7175271?
1
What is the ten thousands digit of 469557?
6
What is the tens digit of 737086?
8
What is the hundred thousands digit of 30217954?
2
What is the hundred thousands digit of 569028?
5
What is the tens digit of 89841?
4
What is the hundreds digit of 3444379?
3
What is the ten thousands digit of 209429?
0
What is the millions digit of 7794595?
7
What is the hundred thousands digit of 185277?
1
What is the units digit of 914935?
5
What is the thousands digit of 264545?
4
What is the units digit of 933303?
3
What is the millions digit of 20423686?
0
What is the tens digit of 8942647?
4
What is the units digit of 8145604?
4
What is the thousands digit of 580381?
0
What is the ten thousands digit of 45997?
4
What is the hundred thousands digit of 939897?
9
What is the tens digit of 23089579?
7
What is the hundred thousands digit of 390098?
3
What is the ten thousands digit of 2871554?
7
What is the thousands digit of 4031539?
1
What is the thousands digit of 54511?
4
What is the ten thousands digit of 811393?
1
What is the millions digit of 5631110?
5
What is the hundreds digit of 95661?
6
What is the hundreds digit of 1777385?
3
What is the hundred thousands digit of 5939197?
9
What is the ten thousands digit of 200424?
0
What is the thousands digit of 76656?
6
What is the millions digit of 4723317?
4
What is the hundreds digit of 477364?
3
What is the tens digit of 2621213?
1
What is the ten thousands digit of 20925909?
2
What is the tens digit of 629589?
8
What is the tens digit of 2804285?
8
What is the tens digit of 565490?
9
What is the hundreds digit of 28528896?
8
What is the tens digit of 31769?
6
What is the ten thousands digit of 1105136?
0
What is the tens digit of 15096?
9
What is the units digit of 374018?
8
What is the units digit of 211750?
0
What is the ten thousands digit of 36408?
3
What is the hundred thousands digit of 2763840?
7
What is the ten millions digit of 14850560?
1
What is the units digit of 209549?
9
What is the units digit of 2877907?
7
What is the hundreds digit of 338404?
4
What is the units digit of 27180747?
7
What is the millions digit of 1021427?
1
What is the tens digit of 58221?
2
What is the hundred thousands digit of 8800718?
8
What is the thousands digit of 1320281?
0
What is the hundred thousands digit of 8449634?
4
What is the ten thousands digit of 1442404?
4
What is the units digit of 1477465?
5
What is the hundreds digit of 68891?
8
What is the tens digit of 31620?
2
What is the units digit of 1350843?
3
What is the units digit of 567746?
6
What is the thousands digit of 161418?
1
What is the thousands digit of 1284652?
4
What is the millions digit of 19820649?
9
What is the hundred thousands digit of 4874715?
8
What is the units digit of 37691?
1
What is the thousands digit of 964004?
4
What is the hundreds digit of 229466?
4
What is the thousands digit of 36997?
6
What is the ten thousands digit of 3124804?
2
What is the thousands digit of 2823737?
3
What is the millions digit of 1993231?
1
What is the hundred thousands digit of 10012187?
0
What is the ten millions digit of 11211863?
1
What is the ten millions digit of 10573128?
1
What is the hundred thousands digit of 18662724?
6
What is the units digit of 437485?
5
What is the hundreds digit of 65968?
9
What is the units digit of 2285218?
8
What is the hundred thousands digit of 507952?
5
What is the tens digit of 64189?
8
What is the tens digit of 968562?
6
What is the ten thousands digit of 19323196?
2
What is the hundred thousands digit of 123091?
1
What is the thousands digit of 3532955?
2
What is the hundreds digit of 392385?
3
What is the thousands digit of 5959?
5
What is the tens digit of 1596245?
4
What is the millions digit of 4902021?
4
What is the tens digit of 4951472?
7
What is the tens digit of 407728?
2
What is the ten millions digit of 40736792?
4
What is the hundreds digit of 646674?
6
What is the hundreds digit of 790898?
8
What is the tens digit of 26526156?
5
What is the tens digit of 734556?
5
What is the hundred thousands digit of 12508126?
5
What is the tens digit of 4431413?
1
What is the thousands digit of 3301914?
1
What is the millions digit of 4773908?
4
What is the units digit of 720999?
9
What is the hundred thousands digit of 235217?
2
What is the millions digit of 9708821?
9
What is the hundred thousands digit of 6210789?
2
What is the units digit of 440713?
3
What is the ten thousands digit of 941831?
4
What is the millions digit of 1463465?
1
What is the hundred thousands digit of 241476?
2
What is the hundred thousands digit of 387219?
3
What is the units digit of 831221?
1
What is the units digit of 1975111?
1
What is the millions digit of 3356479?
3
What is the hundreds digit of 27239636?
6
What is the thousands digit of 1010654?
0
What is the tens digit of 7481985?
8
What is the hundred thousands digit of 32093312?
0
What is the thousands digit of 3235765?
5
What is the thousands digit of 27931018?
1
What is the ten thousands digit of 2522579?
2
What is the millions digit of 12734180?
2
What is the hundreds digit of 39328546?
5
What is the units digit of 3672101?
1
What is the units digit of 9052439?
9
What is the hundreds digit of 385955?
9
What is the units digit of 1979089?
9
What is the tens digit of 1051187?
8
What is the units digit of 2983676?
6
What is the hundred thousands digit of 1356699?
3
What is the ten thousands digit of 7564135?
6
What is the thousands digit of 14053?
4
What is the tens digit of 635535?
3
What is the thousands digit of 28933827?
3
What is the units digit of 40459921?
1
What is the hundreds digit of 2112119?
1
What is the millions digit of 2790831?
2
What is the thousands digit of 177135?
7
What is the tens digit of 15146090?
9
What is the thousands digit of 1911144?
1
What is the units digit of 552873?
3
What is the hundreds digit of 147000?
0
What is the units digit of 494455?
5
What is the hundreds digit of 217144?
1
What is the tens digit of 283305?
0
What is the units digit of 515484?
4
What is the hundred thousands digit of 28146896?
1
What is the millions digit of 1159076?
1
What is the thousands digit of 5488467?
8
What is the ten thousands digit of 11388091?